e the highest common factor of 28 and m.
28
Let d = -522 - -593. Suppose 5*r + d = 346. Calculate the greatest common factor of r and 88.
11
Suppose -5*q - 494 = -5*s + 841, -5*s - 3*q = -1311. Let a(n) = 3*n - 4 - 2*n + 3*n. Let k be a(7). What is the greatest common factor of k and s?
24
Suppose -50*y + 1111 + 2289 = 0. Calculate the greatest common factor of y and 30124.
68
Let x be (-2 + (-22)/(-6))/(5/15). Suppose x*r - 26 + 1 = 0. Suppose r + 1 = o. What is the highest common divisor of o and 6?
6
Suppose 2*h - 41*h = -117. Let g(f) = f**3 - 4*f**2 + 7*f + 2. Let w be g(h). What is the greatest common divisor of 2 and w?
2
Let l(c) be the first derivative of 1/3*c**3 - 34*c + 23 + 0*c**2. Let y be l(8). What is the highest common factor of 150 and y?
30
Let o(n) be the first derivative of 5*n**2/2 - 99*n + 72. Let f be o(21). What is the highest common factor of 12 and f?
6
Let g be ((-2)/3)/((-40)/300). Suppose s - 23 = -18. What is the highest common factor of s and g?
5
Suppose 0 = 2907*z - 2896*z - 297. Calculate the highest common factor of 198 and z.
9
Let k be 2/17 + 11/((-2057)/(-1474)). Suppose 25 = 5*p + b, -3*p + k*b = 5*b - 15. What is the highest common factor of 395 and p?
5
Let n = -418 + 422. Suppose -3*v = -n*y - 211, 12*v - y = 11*v + 70. Calculate the greatest common factor of 391 and v.
23
Let s be (91/(-4))/13*-4. Let b be (s - 11089/39)/(2/(-6)). What is the greatest common divisor of 13 and b?
13
Let p be (-33 + 7)*(-18 - 2). What is the greatest common factor of p and 320?
40
Let w = -7107 + 7287. What is the highest common factor of w and 340?
20
Let y = -2 - -3. Let r(t) = 11*t**3 + t**2 - t + 1. Let d be r(y). Let s = 448969 - 448966. Calculate the greatest common factor of s and d.
3
Suppose -19*b + 69791 + 13999 = 0. Calculate the highest common factor of b and 504.
126
Let h be -2 - 109634/(-6) - 17/2703*53. Calculate the greatest common factor of 140 and h.
70
Let a be (-1)/((-63)/(-14)) + 94/18. Suppose -5*y + 17 = s, a*y = -0*y - 3*s + 21. Calculate the highest common factor of 12 and y.
3
Let u = -212 + 238. Let t be (u + 2)/((-10)/(-40)). What is the greatest common factor of 168 and t?
56
Suppose -38*n + 14*n + 23138 = 5378. What is the highest common factor of 30 and n?
10
Let q(d) = 13*d**2 + d - 1. Let c be q(1). Suppose 3*i - 329 - 73 = 0. Suppose -217 - i = -3*j. Calculate the greatest common divisor of c and j.
13
Let j(g) = -g**3 - g**2 - 12*g + 72. Let p be j(0). Let b be p/(-54) + 3140/6. Calculate the highest common factor of b and 18.
18
Let x(i) = -i**3 + 2*i**2 + 10*i - 8. Let o be x(4). Let j be 7*(1/7 + 5 - o). What is the greatest common divisor of 24 and j?
12
Let o(y) = 6*y**2 - 50*y + 36. Let j(b) = b**3 - 2*b**2 + 9. Let h be j(0). Let d be o(h). Calculate the highest common factor of d and 264.
24
Let j(q) = -q**3 + 24*q**2 - 63*q - 42. Let b be j(20). Let a = -273 + b. Calculate the greatest common factor of 10 and a.
5
Let s be (-3 - -1) + 0 - -98. Let z = 1481 + -1570. Let g = s + z. Calculate the highest common divisor of 63 and g.
7
Suppose 0 = 2*s + 4*o - 220, s + 17*o - 18*o = 98. Calculate the highest common divisor of s and 48.
6
Let c be (-1 - (2 + -2))/((-8)/16). Let q be 96/(-120)*(-15)/c. Let o(g) = g**3 - g**2 + g + 9. Let a be o(0). What is the greatest common divisor of a and q?
3
Let v = 67886 - 67697. Suppose -f = 2*o - 3 - 4, -28 = -4*f + 5*o. What is the highest common factor of f and v?
7
Suppose 7*b = 2174 - 480. Suppose 0 = 3*o - 2*s - b, -60*o + 317 = -56*o + 3*s. Calculate the highest common divisor of o and 208.
16
Suppose -90 = -6*u + 3*u. Let q be (3/18)/(7/140*-2)*-21. What is the highest common divisor of u and q?
5
Let h(b) = -113*b + 9501. Let c be h(84). Calculate the highest common factor of c and 2169.
9
Suppose -1311 - 1279 = -5*s. Calculate the greatest common divisor of 56 and s.
14
Suppose 81*z = 161*z - 76*z - 576. Calculate the highest common factor of z and 8712.
72
Suppose -1052 = -98*z + 1594. Calculate the greatest common factor of z and 6777.
27
Let w = -772 - -880. Suppose 114*j - w*j - 552 = 0. What is the greatest common divisor of j and 368?
92
Let p = 1174 + -1172. Suppose 5*s = 29 - 4. Suppose s*o + k - 54 = -p*k, -6 = -o - 3*k. Calculate the highest common factor of 18 and o.
6
Let d be -6 - ((-13824)/(-8))/(-8). Suppose -4*i + 245 = 3*s, 3*s + d = 6*i - 3*i. Calculate the highest common factor of 13 and i.
13
Let w be 6/3 - (5 + -6). Suppose -w*s + 118 = 5*n + s, 3*n - 3*s = 60. Suppose 7*l - 79 = 152. What is the highest common factor of n and l?
11
Suppose 5*r - 3*w - 30759 - 3624 = 0, 4*r + w - 27503 = 0. What is the greatest common divisor of r and 72?
36
Suppose -2*l = -p - 2*p + 126, -3*l - 211 = -5*p. Let s be p/(7/((-105)/(-10))). Let o = s - 42. What is the greatest common factor of 96 and o?
24
Suppose -2*s = -5*k + 19, 2*s = 6*s + 5*k - 37. Suppose s*q - 27 = 5*f, 2*q - 5*f - 6 = 12. What is the greatest common factor of q and 6?
3
Suppose 16*x + 115 = 31*x - 305. Calculate the greatest common divisor of 203 and x.
7
Let h = -7663 + 7827. Calculate the highest common divisor of h and 2542.
82
Let b be (-6 + 7)*(-3042)/(-14) - (-122)/(-427). Let a = -120 + 213. Calculate the greatest common divisor of a and b.
31
Suppose h - 472 - 684 = 22. Calculate the highest common factor of h and 186.
62
Let f(a) = -a**2 + 8*a - 6. Let b be f(5). Suppose 12 + b = 3*q. Let n = -300 + 321. Calculate the greatest common factor of q and n.
7
Let i be (-1 - 5)/(3/(-2)). Suppose 10 = -i*c + 2, 2*c = -2*g + 80. Suppose 4*p + 3 - 27 = 0. What is the highest common factor of p and g?
6
Let u = -1667 - -1775. What is the greatest common divisor of u and 24?
12
Suppose 4*x - 2 = 2*a - 10, 3*x - a = -8. Let p be (x*3/(-12))/(6/984). Calculate the greatest common factor of p and 41.
41
Let j be ((-3344)/190)/(3/6 - (-6)/(-10)). Calculate the greatest common divisor of j and 2750.
22
Let v = 5821 - 5430. What is the highest common divisor of 425 and v?
17
Suppose 0 = 2956*b + 2957*b - 5901*b - 10488. Let g(w) = -18*w + 2. Let y be g(-2). What is the highest common divisor of b and y?
38
Let i(b) = -3*b - 13. Let f be i(-5). Suppose -f*v - 3*d = -75, 0 = 2*v + 2*d - 68 - 8. What is the greatest common factor of v and 195?
39
Suppose -5*h + 25 = 4*i - 62, 5*i = 4*h + 160. Let w be (2/(-6))/((-130)/(-17745)*1/(-4)). What is the highest common divisor of w and i?
14
Suppose 5*g = -0*g + 5*a + 35, -4*a + 4 = 0. Suppose 1 + 4 = u - 4*x, -2*x = -g. Suppose -3*j = -u - 48. What is the highest common divisor of j and 207?
23
Let r = -133 - -324. Suppose -7*z - 5*j + 283 = -4*z, -j + r = 2*z. Calculate the highest common divisor of z and 64.
32
Suppose i - 2410*t - 1430 = -2409*t, 2*i + 4*t = 2872. Calculate the highest common factor of i and 24.
8
Let h(b) = b**3 + b**2 - b - 1. Let t be h(1). Suppose -6*g + 1183 + 137 = t. Calculate the highest common factor of g and 180.
20
Let z(o) = -o**3 + 15*o**2 + 5*o - 60. Let v be z(15). Let x be ((-50)/v + 1)*-102. What is the greatest common divisor of x and 70?
14
Let o = -156292 - -156564. Let q(k) = -k**3 + k**2 - k + 16. Let m be q(0). Calculate the greatest common divisor of m and o.
16
Let u(p) = 4*p**2 + 8*p - 34. Let i(c) = -7*c**2 - 17*c + 67. Let k(y) = -3*i(y) - 5*u(y). Let a be k(7). What is the highest common divisor of a and 5?
5
Let l be 10/3 + -2 + (-768)/(-18). Let w = -79 - -112. Suppose -22 + w = v. What is the greatest common divisor of l and v?
11
Suppose 2*b - 2184 = 1096. Suppose -11*u - 584 = -b. Calculate the greatest common factor of 48 and u.
48
Let l = -29583 + 29744. Calculate the greatest common factor of 945 and l.
7
Let y(i) = -25*i - 311. Let r be y(-15). Calculate the greatest common divisor of 144 and r.
16
Let a be 4202875/625 - (-16)/(-10). What is the greatest common factor of a and 166?
83
Let l = -1080 + 1085. What is the highest common divisor of l and 16?
1
Let v(m) = 2*m**3 + 107*m**2 + 30*m + 696. Let w be v(-52). Calculate the highest common factor of w and 48.
48
Suppose -3*c + 2 = 218. Let h = 82 + c. Suppose -o + 29 = -71. What is the greatest common divisor of h and o?
10
Let c(x) = -4*x + 4. Let y be c(-4). Let a be 15 + 0 + 2 - (-2 - -7). Suppose -1912 =